{"id":1087,"date":"2025-12-20T17:38:37","date_gmt":"2025-12-20T22:38:37","guid":{"rendered":"https:\/\/tiklick.com\/site\/?page_id=1087"},"modified":"2025-12-20T17:39:08","modified_gmt":"2025-12-20T22:39:08","slug":"terminos-del-servicio","status":"publish","type":"page","link":"https:\/\/tiklick.com\/site\/terminos-del-servicio\/","title":{"rendered":"T\u00c9RMINOS Y CONDICIONES DE USO DE TIKLICK.COM"},"content":{"rendered":"<div class=\"fusion-fullwidth fullwidth-box fusion-builder-row-1 fusion-flex-container has-pattern-background has-mask-background nonhundred-percent-fullwidth non-hundred-percent-height-scrolling\" style=\"--awb-border-radius-top-left:0px;--awb-border-radius-top-right:0px;--awb-border-radius-bottom-right:0px;--awb-border-radius-bottom-left:0px;--awb-background-color:#ffffff;--awb-flex-wrap:wrap;\" ><div class=\"fusion-builder-row fusion-row fusion-flex-align-items-flex-start fusion-flex-content-wrap\" style=\"max-width:1216.8px;margin-left: calc(-4% \/ 2 );margin-right: calc(-4% \/ 2 );\"><div class=\"fusion-layout-column fusion_builder_column fusion-builder-column-0 fusion_builder_column_1_1 1_1 fusion-flex-column\" style=\"--awb-bg-color:#ffffff;--awb-bg-color-hover:#ffffff;--awb-bg-size:cover;--awb-width-large:100%;--awb-margin-top-large:15px;--awb-spacing-right-large:1.92%;--awb-margin-bottom-large:15px;--awb-spacing-left-large:1.92%;--awb-width-medium:100%;--awb-order-medium:0;--awb-spacing-right-medium:1.92%;--awb-spacing-left-medium:1.92%;--awb-width-small:100%;--awb-order-small:0;--awb-spacing-right-small:1.92%;--awb-spacing-left-small:1.92%;\" data-scroll-devices=\"small-visibility,medium-visibility,large-visibility\"><div class=\"fusion-column-wrapper fusion-column-has-shadow fusion-flex-justify-content-flex-start fusion-content-layout-column\"><div class=\"fusion-text fusion-text-1\" style=\"--awb-text-color:#000000;\"><p><strong>\u00daltima actualizaci\u00f3n:<\/strong> 20 de diciembre de 2025.<\/p>\n<ol>\n<li><strong> INTRODUCCI\u00d3N Y ACEPTACI\u00d3N<\/strong><\/li>\n<\/ol>\n<p>Bienvenido a <strong>tiKlick.com<\/strong>. Estos T\u00e9rminos y Condiciones de Uso (en adelante, los \u00abT\u00e9rminos\u00bb) constituyen un contrato legal vinculante entre usted (en adelante, el \u00abUsuario\u00bb o \u00abCliente\u00bb) y <strong>MANDALA&#8217;S LIFE STYLE LLC<\/strong>, una compa\u00f1\u00eda de responsabilidad limitada constituida en Florida, Estados Unidos (en adelante, \u00abLA EMPRESA\u00bb o \u00abtiKlick\u00bb), con domicilio legal en 3660 N 56th Ave, Apt 611, Hollywood, FL 33021<sup>333<\/sup>.<\/p>\n<p>Al registrarse, acceder o utilizar los servicios de tiKlick.com, usted acepta estar sujeto a estos T\u00e9rminos. Si no est\u00e1 de acuerdo con alguna parte de los mismos, no debe utilizar nuestros servicios.<\/p>\n<ol start=\"2\">\n<li><strong> DESCRIPCI\u00d3N DEL SERVICIO<\/strong><\/li>\n<\/ol>\n<p>tiKlick.com es una plataforma de \u00abSoftware como Servicio\u00bb (SaaS) que permite a los Usuarios crear, dise\u00f1ar, alojar y autogestionar \u00abmini sitios web\u00bb o \u00abmicrosites\u00bb (en adelante, los \u00abServicios\u00bb).<\/p>\n<p><strong>Aclaratoria de No-Intermediaci\u00f3n:<\/strong> A diferencia de otras plataformas, tiKlick act\u00faa exclusivamente como proveedor de infraestructura tecnol\u00f3gica. <strong>NO<\/strong> procesamos pagos de sus clientes finales, <strong>NO<\/strong> gestionamos sus inventarios, ni actuamos como intermediarios financieros. Cualquier transacci\u00f3n comercial que el Usuario realice a trav\u00e9s de su mini sitio es responsabilidad exclusiva del Usuario y su cliente final.<\/p>\n<ol start=\"3\">\n<li><strong> CUENTAS Y REGISTRO<\/strong><\/li>\n<\/ol>\n<p><strong>3.1. Elegibilidad<\/strong><\/p>\n<p>Para utilizar el Servicio, debe tener al menos 18 a\u00f1os de edad y capacidad legal para celebrar contratos vinculantes.<\/p>\n<p><strong>3.2. Informaci\u00f3n de la Cuenta<\/strong><\/p>\n<p>Usted se compromete a proporcionar informaci\u00f3n verdadera, exacta, actual y completa durante el proceso de registro<sup>4<\/sup>. Es su responsabilidad mantener esta informaci\u00f3n actualizada.<\/p>\n<p><strong>3.3. Seguridad<\/strong><\/p>\n<p>Usted es responsable de mantener la confidencialidad de sus credenciales de acceso. <strong>MANDALA&#8217;S LIFE STYLE LLC<\/strong> no ser\u00e1 responsable de ninguna p\u00e9rdida o da\u00f1o derivado del incumplimiento de esta obligaci\u00f3n<sup>5555<\/sup>.<\/p>\n<ol start=\"4\">\n<li><strong> PLANES DE SUSCRIPCI\u00d3N Y PAGOS<\/strong><\/li>\n<\/ol>\n<p><strong>4.1. Modelos de Suscripci\u00f3n<\/strong><\/p>\n<p>Los Servicios se ofrecen bajo las siguientes modalidades (sujetas a cambios de caracter\u00edsticas t\u00e9cnicas publicadas en el sitio web):<\/p>\n<ul>\n<li><strong>Plan Gratuito:<\/strong> Capa de acceso limitado sin costo.<\/li>\n<li><strong>Blue Emprendedor:<\/strong> Suscripci\u00f3n de pago (mensual, semestral o anual).<\/li>\n<li><strong>Orange PYME:<\/strong> Suscripci\u00f3n de pago (mensual, semestral o anual).<\/li>\n<li><strong>Green PYME+:<\/strong> Suscripci\u00f3n de pago (mensual, semestral o anual).<\/li>\n<\/ul>\n<p><strong>4.2. Procesamiento de Pagos<\/strong><\/p>\n<p>Los pagos por las suscripciones a tiKlick se procesan exclusivamente a trav\u00e9s de <strong>Stripe<\/strong>. Al contratar un plan de pago, usted acepta los t\u00e9rminos de servicio de Stripe y autoriza a MANDALA&#8217;S LIFE STYLE LLC a realizar los cargos correspondientes a la periodicidad elegida (mensual, semestral o anual).<\/p>\n<p><strong>4.3. Renovaci\u00f3n Autom\u00e1tica<\/strong><\/p>\n<p>Salvo que notifique la cancelaci\u00f3n antes de la fecha de facturaci\u00f3n, su suscripci\u00f3n se renovar\u00e1 autom\u00e1ticamente por el mismo periodo contratado.<\/p>\n<p><strong>4.4. Pol\u00edtica de Reembolsos<\/strong><\/p>\n<p>Dado que tiKlick ofrece una capa gratuita para probar el servicio, los pagos por suscripciones <strong>no son reembolsables<\/strong>, salvo disposici\u00f3n contraria exigida por la ley aplicable. Las cancelaciones surtir\u00e1n efecto al final del ciclo de facturaci\u00f3n actual.<\/p>\n<p><strong>4.5. Impuestos<\/strong><\/p>\n<p>Los precios no incluyen impuestos. El Usuario es responsable de pagar cualquier impuesto aplicable (como IVA o Sales Tax) seg\u00fan su jurisdicci\u00f3n, el cual ser\u00e1 agregado al momento del cobro si corresponde legalmente.<\/p>\n<ol start=\"5\">\n<li><strong> USO ACEPTABLE Y PROHIBICIONES<\/strong><\/li>\n<\/ol>\n<p>Usted acepta no utilizar los Servicios para:<\/p>\n<ol>\n<li>Alojar contenido ilegal, fraudulento, difamatorio, obsceno o que viole derechos de propiedad intelectual de terceros<sup>6<\/sup>.<\/li>\n<li>Distribuir malware, virus o c\u00f3digo malicioso.<\/li>\n<li>Intentar vulnerar la seguridad de la infraestructura de tiKlick<sup>7<\/sup>.<\/li>\n<li>Realizar actividades de <em>phishing<\/em> o recolecci\u00f3n de datos enga\u00f1osa.<\/li>\n<\/ol>\n<p><strong>tiKlick se reserva el derecho de suspender o eliminar inmediatamente cualquier cuenta (gratuita o de pago) que viole estas prohibiciones sin derecho a reembolso.<\/strong><\/p>\n<ol start=\"6\">\n<li><strong> PROPIEDAD INTELECTUAL<\/strong><\/li>\n<\/ol>\n<p><strong>6.1. Propiedad de tiKlick<\/strong><\/p>\n<p>La plataforma, el c\u00f3digo fuente, los logotipos, dise\u00f1os, marcas comerciales y la tecnolog\u00eda subyacente son propiedad exclusiva de <strong>MANDALA&#8217;S LIFE STYLE LLC<\/strong> y est\u00e1n protegidos por las leyes de derechos de autor de los Estados Unidos e internacionales<sup>8<\/sup>.<\/p>\n<p><strong>6.2. Contenido del Usuario<\/strong><\/p>\n<p>Usted conserva todos los derechos sobre el contenido (textos, im\u00e1genes, logotipos) que suba a su mini sitio. Sin embargo, otorga a tiKlick una licencia mundial, no exclusiva y libre de regal\u00edas para alojar, reproducir y mostrar dicho contenido \u00fanicamente con el fin de prestar el Servicio.<\/p>\n<ol start=\"7\">\n<li><strong> RENUNCIA DE GARANT\u00cdAS (DISCLAIMER)<\/strong><\/li>\n<\/ol>\n<p>El Servicio se proporciona \u00abTAL CUAL\u00bb y \u00abSEG\u00daN DISPONIBILIDAD\u00bb. <strong>MANDALA&#8217;S LIFE STYLE LLC<\/strong> no garantiza que el servicio ser\u00e1 ininterrumpido, seguro o libre de errores. Renunciamos expresamente a cualquier garant\u00eda impl\u00edcita de comerciabilidad o idoneidad para un prop\u00f3sito particular<sup>9<\/sup>.<\/p>\n<ol start=\"8\">\n<li><strong> LIMITACI\u00d3N DE RESPONSABILIDAD<\/strong><\/li>\n<\/ol>\n<p>En la m\u00e1xima medida permitida por la ley aplicable (particularmente bajo las leyes de Florida):<\/p>\n<ol>\n<li><strong>MANDALA&#8217;S LIFE STYLE LLC<\/strong> no ser\u00e1 responsable por da\u00f1os indirectos, incidentales, especiales, consecuentes o punitivos, ni por p\u00e9rdida de beneficios o ingresos.<\/li>\n<li>La responsabilidad total de LA EMPRESA hacia usted por cualquier reclamo relacionado con el Servicio no exceder\u00e1 la cantidad que usted haya pagado a tiKlick en los <strong>doce (12) meses<\/strong> anteriores al evento que dio origen al reclamo<sup>10<\/sup>.<\/li>\n<\/ol>\n<ol start=\"9\">\n<li><strong> INDEMNIZACI\u00d3N<\/strong><\/li>\n<\/ol>\n<p>Usted acepta indemnizar y eximir de responsabilidad a <strong>MANDALA&#8217;S LIFE STYLE LLC<\/strong>, sus directores, empleados y agentes, frente a cualquier reclamo, da\u00f1o, p\u00e9rdida o gasto (incluidos honorarios legales) que surjan de: (i) su violaci\u00f3n de estos T\u00e9rminos; (ii) el contenido que usted publique en su mini sitio; o (iii) su violaci\u00f3n de cualquier ley o derechos de terceros.<\/p>\n<ol start=\"10\">\n<li><strong> LEY APLICABLE Y JURISDICCI\u00d3N<\/strong><\/li>\n<\/ol>\n<p>Estos T\u00e9rminos se regir\u00e1n e interpretar\u00e1n de acuerdo con las leyes del estado de <strong>Florida, Estados Unidos<\/strong>, sin dar efecto a sus principios de conflicto de leyes. Cualquier disputa legal o litigio se resolver\u00e1 exclusivamente en los tribunales estatales o federales ubicados en el Condado de Broward, Florida.<\/p>\n<ol start=\"11\">\n<li><strong> MODIFICACIONES<\/strong><\/li>\n<\/ol>\n<p>Nos reservamos el derecho de modificar estos T\u00e9rminos en cualquier momento. Las modificaciones entrar\u00e1n en vigor tras su publicaci\u00f3n en el sitio web. El uso continuado del servicio constituye su aceptaci\u00f3n de los nuevos t\u00e9rminos.<\/p>\n<ol start=\"12\">\n<li><strong> CONTACTO LEGAL<\/strong><\/li>\n<\/ol>\n<p>Para cualquier notificaci\u00f3n legal o dudas sobre estos t\u00e9rminos, puede contactarnos en:<\/p>\n<ul>\n<li><strong>Email:<\/strong> legal@mandalaslifestyle.com<\/li>\n<li><strong>Direcci\u00f3n Postal:<\/strong> MANDALA&#8217;S LIFE STYLE LLC, 3660 N 56th Ave, Apt 611, Hollywood, FL 33021, USA.<\/li>\n<\/ul>\n<\/div><\/div><\/div><\/div><\/div>\n","protected":false},"excerpt":{"rendered":"","protected":false},"author":1,"featured_media":0,"parent":0,"menu_order":0,"comment_status":"closed","ping_status":"closed","template":"100-width.php","meta":{"_acf_changed":false,"inline_featured_image":false,"footnotes":""},"class_list":["post-1087","page","type-page","status-publish","hentry"],"acf":[],"_links":{"self":[{"href":"https:\/\/tiklick.com\/site\/wp-json\/wp\/v2\/pages\/1087","targetHints":{"allow":["GET"]}}],"collection":[{"href":"https:\/\/tiklick.com\/site\/wp-json\/wp\/v2\/pages"}],"about":[{"href":"https:\/\/tiklick.com\/site\/wp-json\/wp\/v2\/types\/page"}],"author":[{"embeddable":true,"href":"https:\/\/tiklick.com\/site\/wp-json\/wp\/v2\/users\/1"}],"replies":[{"embeddable":true,"href":"https:\/\/tiklick.com\/site\/wp-json\/wp\/v2\/comments?post=1087"}],"version-history":[{"count":6,"href":"https:\/\/tiklick.com\/site\/wp-json\/wp\/v2\/pages\/1087\/revisions"}],"predecessor-version":[{"id":1094,"href":"https:\/\/tiklick.com\/site\/wp-json\/wp\/v2\/pages\/1087\/revisions\/1094"}],"wp:attachment":[{"href":"https:\/\/tiklick.com\/site\/wp-json\/wp\/v2\/media?parent=1087"}],"curies":[{"name":"wp","href":"https:\/\/api.w.org\/{rel}","templated":true}]}}